late w(3).
-1
Let w(f) = -6*f**3 + 2*f**2 - f. Suppose 3*b - 7*b + 3*n + 27 = 0, -4*n - 10 = -b. Suppose 3 = -3*i + b. Calculate w(i).
-5
Let k(h) be the first derivative of h**6/120 + h**5/20 - h**4/6 - h**3/2 + h**2/2 - 3. Let l(a) be the second derivative of k(a). What is l(-3)?
9
Let g(i) = i + 5. Let y(v) = -v + 1. Let k(d) = g(d) + 2*y(d). Calculate k(-5).
12
Let f(m) = -m**2 + 8*m - 6. Let x be (-2)/(-8)*(-1 - 3). Let k be (1 - 1 - 5)/x. Determine f(k).
9
Let w = -2 - -4. Suppose -4*d = -2*d - w. Let t(n) = 2*n**3 - 6*n**2 - 5*n + 4. Let q(s) = s**3 - s**2 - s + 1. Let k(p) = d*t(p) - 4*q(p). Give k(-1).
1
Let u(p) be the first derivative of -p**3/3 + 4*p**2 - 6*p + 22. Calculate u(6).
6
Let g(a) be the third derivative of 1/24*a**4 - 2*a**2 - 1/3*a**3 + 1/120*a**5 + 0*a + 0. Let y(t) be the first derivative of g(t). Give y(-1).
0
Let i(c) = -c**2 - 3*c - 1. Let f be i(-3). Let d = -1 - f. Let a(z) be the first derivative of -z**4/4 - z**2/2 + 3*z + 1. Give a(d).
3
Let p(u) = -3*u. Let z(v) = 2*v. Let t(x) = 5*p(x) + 8*z(x). Give t(-3).
-3
Let z(g) = -g**2. Suppose 0 = -4*t + 12 + 4, 2*s - 8 = -4*t. Let l(r) = -r**3 + 4*r**2 - r - 2. Let a(b) = s*z(b) - l(b). Calculate a(0).
2
Let f(x) = x**2 + 2*x. Let h = 2 - -2. Let b = h + -8. Give f(b).
8
Let d(y) = 11*y**3 + 2*y**2 + 2*y + 1. Let v be d(-1). Let r = v - -8. Let m(j) = j**2 - 2*j - 1. Determine m(r).
7
Let p(w) = 2*w**2 - 7*w - 9. Let o(d) = 5*d**2 + 7. Let x(f) = 9*f**2 + 13. Let b(m) = 11*o(m) - 6*x(m). Let y(v) = 3*b(v) - p(v). What is y(-6)?
0
Let w(r) be the second derivative of -r**4/12 + 4*r**3/3 - 2*r**2 - 64*r. Give w(6).
8
Let q(x) = x**2 - 6*x - 3. Let k = 200 + -194. Give q(k).
-3
Let j(q) = -q**3 - 6*q**2 + 2. Suppose -i + 0*a + 4 = -5*a, 2*i - 4*a + 4 = 0. What is j(i)?
2
Let n(h) be the second derivative of 0*h**3 + 0*h**2 - 1/720*h**6 - 1/3*h**4 + 1/60*h**5 + 0 + h. Let u(x) be the third derivative of n(x). Determine u(3).
-1
Let t be (-14)/10 + 3/(-5). Let y(r) be the third derivative of -r**5/30 - r**4/24 - r**3/3 - 21*r**2. Give y(t).
-8
Suppose -5*a + 3*y - 31 = 0, -5*y - 3 = 3*a + 2. Let o be -1*1 - 4/(-1). Let s(i) = 4*i + 29*i**2 + o - 24*i**2 + i**3 - 2*i. What is s(a)?
-7
Let b(a) = -a**3 + 28 - 50 + 32. What is b(0)?
10
Let m(t) = t + 1. Let s be (-2)/(-8) - 396/48. Calculate m(s).
-7
Let m(h) = 0*h + 1 - 2*h + h. Suppose i = -5*k - 33, 42 = 2*k - 7*k - 4*i. What is m(k)?
7
Let l(j) be the first derivative of -13*j**4/4 - j**3/3 + j**2/2 + j + 31. Determine l(-1).
12
Let o(d) be the second derivative of 1/12*d**4 - 7*d + 7/6*d**3 + 0 + 3/2*d**2. Let n be 0/2 - 4*1. Determine o(n).
-9
Let x(y) = 2 + y - 2 + 8. Suppose 16 = -5*j + j. Determine x(j).
4
Let x be (4*9/(-6))/(-2). Let t(l) be the first derivative of -1/3*l**x + l**2 + 4*l + 1. Calculate t(4).
-4
Let q(v) = -v - 4. Let b be q(-10). Let z be 6/(-2 + (b - 2)). Let u be (3 - 6)/z*5. Let x(i) = -i**3 - 6*i**2 - 5*i + 1. Give x(u).
1
Let x be (-22)/55*(-10)/16. Let a(p) be the third derivative of 1/120*p**6 + x*p**4 + 0 + p**3 + 0*p + 1/10*p**5 + 2*p**2. Determine a(-5).
1
Let u(q) = -q**2 - 9*q - 1. Suppose 0 = -11*d - 12 - 32. Give u(d).
19
Let r(s) be the third derivative of -1/24*s**4 - s**2 - 1/12*s**5 + 0*s + 0*s**3 + 0. Let z(p) = -2*p**2 + 21*p + 10. Let o be z(11). What is r(o)?
-4
Suppose -2*h + 15 = 3*z, 4*h = -z + 2 + 3. Let s be (-1)/(2/(-4) + h). Let l(t) = -3*t**3 - 5*t**s + 1 + t + 2 + 4*t**3. What is l(4)?
-9
Let b(i) = -2*i + 2. Let n(w) = -3*w**2 - 2*w**2 - 5*w + 6*w**2 + 4*w + 3 + w**3. Let f be n(0). Determine b(f).
-4
Let c(a) = -3*a - 1. Let y be c(-6). Let t = 11 - y. Let k(j) = j**3 + 7*j**2 + 6*j - 2. Give k(t).
-2
Let p = -11 - -5. Let a be (-7)/(-2) + 9/p. Let m(f) = 7*f**2 - 6*f + 4. Let g(k) = 4*k**2 - 3*k + 2. Let q(y) = 5*g(y) - 3*m(y). Give q(a).
0
Let i(g) = g + 2. Let o = -28 + 24. Determine i(o).
-2
Let r be (-2)/10 + (-52)/(-10). Let t(p) = 5 + 3*p - 7*p + 3*p. Give t(r).
0
Let g(p) = p - 1. Let o(k) = k - 19. Let r be o(15). Calculate g(r).
-5
Let u = 14 + -11. Let i(s) = 3*s**2 - 3*s - s + 41*s**3 + 7 - 3 - 40*s**u. Give i(-4).
4
Let l(n) = n**3 - 7*n**2 - 8*n - 5. Let t be l(8). Let y(s) = 2*s**2 + 7*s + 2. Calculate y(t).
17
Suppose 0 = -5*h + 17 + 8. Let a(v) = -2*v - 4. Give a(h).
-14
Let z(g) = 3*g**2 - g - 1. Let c = 8 + -10. Give z(c).
13
Let a(f) = f**2 + 9*f - 9. Let w = 22 - 32. Calculate a(w).
1
Let c(g) be the third derivative of -g**7/840 + g**6/72 - g**5/30 - g**3/6 + g**2. Let h(t) be the first derivative of c(t). Let a be 6*2/12*3. Determine h(a).
6
Suppose 0 = 5*z - c - 14, 0 = c - 1 - 0. Let k(a) = 57*a - 57. Let u(v) = 7*v - 7. Let l be (-60)/14 + (-6)/(-21). Let x(t) = l*k(t) + 33*u(t). Determine x(z).
6
Suppose 0 = -u - 4*u + 10. Let c(s) be the second derivative of s**3 + s**2/2 - 22*s. Calculate c(u).
13
Let z(s) be the first derivative of -s**5/60 + s**4/24 - 7*s**3/3 + 7. Let t(q) be the third derivative of z(q). Determine t(2).
-3
Let a(y) = 7*y + 11. Let o(p) = -2*p - 3. Let n(q) = 6*a(q) + 22*o(q). Let z = 3 - 0. Give n(z).
-6
Suppose 2*j = -j + 6. Let r(i) = -6*i**2 - i - 1. Let n(m) = 11*m**2 + m + 2. Let t(c) = -4*n(c) - 7*r(c). Give t(j).
-3
Let a(m) = -m + 2. Suppose 12 = 5*r - 3. Suppose -2*k = 8, c + k + r = -10. Let h(t) = -t**2 - 10*t - 11. Let l be h(c). What is a(l)?
4
Let h(y) be the second derivative of y**5/20 + 5*y**4/12 + 5*y**3/6 - 10*y. Determine h(-4).
-4
Let q(t) = -3*t**2 - t - 15. Let h(i) = 5*i**2 + 2*i + 29. Let d(s) = -4*h(s) - 7*q(s). Calculate d(0).
-11
Let z(b) = 3*b**3 + b. Suppose -2*k = -4*k - 2. Let w = k - -4. Suppose 0 = -w*x + 2*x - 1. What is z(x)?
-4
Suppose 4*y + 4*x = 0, -2*y = 2*y - 2*x - 18. Let f(n) = -2*n**y + 2*n**3 - n**3 - 5*n + 4*n**2 - 2 + n**2. What is f(4)?
-6
Let c(w) be the second derivative of -w**3/3 - 7*w**2/2 - w. Suppose 4*x = 9*x + 25. Determine c(x).
3
Let n = -5 - -11. Let m(i) be the second derivative of i**4/12 - 3*i**3/2 + 3*i**2 - 7*i. Determine m(n).
-12
Let c(j) = j**2 + 6*j + 1. Suppose -2*u + 6*u = -16. Give c(u).
-7
Let c(k) = -3*k. Suppose 0 = -t - t. Let q = t + 2. What is c(q)?
-6
Let r be (-1)/(1*1/(-4)). Let h(u) = u**2 - r*u**2 - u**2 + u**3 + 2*u - 4. Let i = -4 + 7. Determine h(i).
-7
Let c(z) = z**3 + 9*z**2 - 9*z + 9. Let u be c(-10). Let h(d) = -d. Let b(w) = 2*w - 7. Let m(q) = u*b(q) - 3*h(q). What is m(-3)?
4
Suppose 5*i - 26 = -6. Let l(u) = -i*u - u - u**2 + 0 + 5. Give l(-6).
-1
Let d(c) be the second derivative of c**6/180 + c**5/120 - c**4/24 + 5*c**3/3 + 3*c. Let a(r) be the second derivative of d(r). What is a(1)?
2
Let s(l) be the second derivative of -l**8/1344 + l**6/360 + l**5/120 + l**4/4 - 2*l. Let p(f) be the third derivative of s(f). Determine p(-1).
4
Let v(g) = -2*g**2 - 9*g + 3. Let o(t) = -t**2 - 2*t + 3. Let s(r) = r. Let h(p) = -o(p) + 6*s(p). Let y(k) = 3*h(k) + 2*v(k). Determine y(6).
-3
Let q(o) be the third derivative of o**6/120 - o**4/24 - 5*o**3/6 + o**2. Suppose -2*k + 0 + 2 = 0. Let u be 0/((k + 0)/1). What is q(u)?
-5
Suppose 9 + 3 = -4*k. Let b(w) be the first derivative of 7*w**2/2 + 13*w - 1. Let f(u) = 10*u + 19. Let h(y) = 7*b(y) - 5*f(y). Determine h(k).
-1
Let s(o) = 16*o + 127. Let c be s(-8). Let w(m) be the first derivative of m**2/2 + 1. Determine w(c).
-1
Let d(v) be the second derivative of v**4/12 - v**3/6 - 4*v**2 + v. Suppose 5*s + s = 0. Give d(s).
-8
Let h be ((-6)/4)/((-2)/(-4)). Let j = -1 - h. Let b(k) = -2*k + j*k - k - 1. What is b(-1)?
0
Let z(q) = -7*q**2 + q. Let u = 16 - 15. Give z(u).
-6
Let o(w) = -2*w - 6. Let k(q) = 10*q + 30. Let y(i) = -2*k(i) - 11*o(i). Let j = -11 + 6. What is y(j)?
-4
Let g(q) = -5*q**3 + q**2 - q - 1. Let a be g(-1). Let d(l) be the third derivative of -l**4/12 + 4*l**3/3 + 16*l**2. Determine d(a).
-4
Let s = -23 - -23. Suppose 0 = -4*z + 2*h - 6, 5*z + 23 = 3*z + 5*h. Let j(c) = c + z - 2*c - 5*c + s. What is j(1)?
-5
Let v be (-30)/10 + 2/(-2). Let z(h) = h. Give z(v).
-4
Suppose -62 = -4*m - 18. Let h(v) = -v**3 + 11*v**2 - 2*v + 9. Determine h(m).
-13
Suppose 5*d = -12 + 2. Suppose -4*u - 7 = -5*u. Let x(n) = u*n - 2 + n + 1 - 7*n. Determine x(d).
-3
Let h be 3 + 3 + 6/(-1 - -4). Let f(k) = -k**3 + 8*k**2 - 2*k + 3. Give f(h).
-13
Suppose 3*s + 72 = 5*i, -s = -5